False
Suppose -3*l - 2948805 - 8245978 = -32*l. Is l a prime number?
False
Suppose 10*f + 198 = 13*f. Suppose f*l - 69*l + 3 = 0. Is (-56)/(-12)*l*15/2 prime?
False
Let n(h) = 15*h**2 - 5*h + 599. Is n(-99) prime?
False
Suppose 7*b - 31549 - 453663 = 0. Suppose b = 6*t + 23338. Is t prime?
False
Let x(s) = -5*s - 75. Let n be x(-11). Let h be (19*n/14)/((-7)/49). Suppose -10*y = -h - 140. Is y composite?
True
Let v(q) be the second derivative of -5*q - q**2 + 10*q + q**3 + 22*q. Is v(10) prime?
False
Let l(d) = -282*d - 39. Let r(b) = 141*b + 19. Suppose -56 = 3*y - 41. Let x(i) = y*r(i) - 3*l(i). Is x(3) a prime number?
False
Let g(j) = 11*j - 187. Let i be g(17). Suppose -4*l - l = -3905. Suppose -c + l = -0*c + 2*z, i = -3*c + 4*z + 2373. Is c prime?
True
Suppose -13*b - 5 - 8 = 0. Is (-4 - b)/(89520/89538 + -1) prime?
True
Let x = 7685 + -5358. Let n = 1570 + -451. Suppose 2*r - x = -5*p, -3*r = 4*p - 4592 + n. Is r a composite number?
False
Let v be (-2)/5 + (-174)/(-10) + 1. Suppose -4*j + 4 = -5*x, -4*x + x = -3*j. Is 6/v + x*(-919)/6 a prime number?
True
Let v(z) = -z**3 - 10*z**2 + 38*z - 11. Let p be v(-13). Suppose -p*y - 2*y = 3*j - 13879, 3*j + y = 13894. Is j a prime number?
False
Let s(v) = 347*v**3 + 3*v**2 + 3*v + 1. Let j be s(-1). Let p(w) = -2*w**3 - 16*w**2 + 15. Let l be p(-11). Let r = j + l. Is r a prime number?
False
Suppose -19*h + 796132 = -5*h - 137430. Is h a prime number?
True
Let q(s) = 119*s**3 - 21*s**2 + 12*s + 47. Is q(13) a composite number?
True
Let t be 895*(0 + -1) + 1. Let g = t + 1756. Is g prime?
False
Is (-198946)/(-12) - (-10 + ((-2950)/60)/(-5)) a composite number?
True
Let c = 3429 - 3051. Let k be (-1)/(3 - 2)*-3. Suppose -2*r + k*u + c = 2*u, 2*r + 5*u = 354. Is r a composite number?
True
Suppose -4*o = 2202*z - 2198*z - 505216, 4*o = 2*z - 252662. Is z prime?
False
Let h(v) = 478*v + 110 - 1074*v - 1328*v. Is h(-6) a prime number?
False
Let h(s) = -6*s - 10. Let o be h(-3). Suppose -11*v = -o*v - 3369. Is v prime?
True
Suppose -10351*g = -10280*g - 72517909. Is g a composite number?
True
Suppose 4*z - 4 = v, v + 52 = -3*v + 4*z. Let u be (3 + -2 - v)/(5/10). Suppose 31*x = u*x - 3219. Is x composite?
True
Suppose -107*u + 1 = -106*u. Is u + 8 + -8 - -12036 composite?
False
Let p = 1448321 - 1028176. Is (1/(-1))/((-420156)/p + 1) composite?
True
Let p = 324 + 97. Suppose 380 + p = 3*v. Is v a composite number?
True
Let l(u) = -1250*u**3 - 3*u**2 - 7*u - 2. Let i be l(-2). Suppose -5*o - i = -6*o - 3*n, 0 = 3*n - 3. Is o prime?
False
Suppose -5*w - 1616882 = -4*b, -12*b + 13*b + 5*w - 404183 = 0. Is b a prime number?
True
Let q = -10177 + 15711. Is q prime?
False
Let c(z) = 3527*z - 1283. Is c(92) prime?
True
Suppose 26602090 = 70*k + 8*k + 8761072. Is k composite?
False
Suppose -12*a + 40 = -8*a. Let y be ((-741)/95)/((-1)/a). Let f = -25 + y. Is f prime?
True
Is (-116)/(-174)*278847/6 prime?
True
Suppose 3*b = -2*b + 20. Let y be (15/(-5))/(b/(-744)). Suppose -2*i - 7*i = -y. Is i a composite number?
True
Suppose 0 = -2*b - 2, 2*h - 2*b - 6 = 4. Suppose -4337 = -h*n + 5475. Is n a prime number?
False
Is (-31 - -60)*(2 + 161 + 0) a composite number?
True
Let p(a) = -74*a**3 - 4*a**2 + 15*a + 17. Let r be p(-5). Let j = r + -3535. Is j prime?
True
Suppose -2*l + 599 = -1137. Suppose p - 32 = -3*p. Suppose -p*m + l = -4*m. Is m a composite number?
True
Let g = 4949 - 318. Suppose 3*m - g = -0*m - c, -3096 = -2*m - 5*c. Is m a prime number?
True
Suppose -3*z + l = -7, 3*z + 3*l = 36 - 9. Suppose -z*i + 2*r = r - 493, 2*r - 356 = -3*i. Suppose 46 - i = -4*g. Is g a prime number?
True
Let i(d) = 6*d - 3 + 2*d**3 - 5*d + 5*d**3 - 5 - 1. Is i(5) a composite number?
True
Suppose 2*x - 11350 - 4152 = 4*f, 0 = -3*f - x - 11614. Let c = f + 6047. Is c prime?
False
Suppose 3*s - 4525719 = -3*z, -4*z + 86*s - 88*s + 6034280 = 0. Is z a composite number?
True
Suppose -3*d + 643539 = 4*s, -2*s - 808910 = -3*d - 165389. Is d a composite number?
True
Let i = -224 + 620. Let g be (-8)/(-3)*i/24. Is (476/(-6))/(g/(-12) - -3) composite?
True
Let y = 52315 - -18842. Is y a composite number?
True
Let q(j) = -11*j**3 + 33*j**2 - 197*j + 48. Is q(-35) composite?
True
Suppose -4*u + 2*a = -147480, 2*u - 4*a = a + 73724. Suppose 2836 = -4*h + u. Is h a prime number?
False
Let q(o) = 2*o**3 + 14*o**2 + 33*o + 4. Let r be (4 - 11/4)/(4/48). Is q(r) a composite number?
False
Let h be 6 - -6 - 6/(-6). Is 2199 + (h - 6) + -3 a prime number?
True
Suppose r = 4*f + 32, 0 = 3*r - 3*f + 2*f - 41. Suppose -5*m + 45 = 5*v, 2*v = 3*v + 2*m - r. Suppose 1793 = 5*g + v*g. Is g composite?
False
Suppose f + 6496 = q, 3*q - 35796 = 5*f - 3308. Let v = -4208 - f. Suppose 3*r = v + 891. Is r a composite number?
False
Is (-333 - -26)/(((-1)/(-3))/(655/(-15))) a composite number?
True
Let m = 38 - 18. Let f be 2 - (-4)/m*-5. Is (242 + -5)*(-1 - f)/(-6) a composite number?
False
Let n be ((-1137570)/9)/(-7) + 4/(-6). Suppose -113 = 3*m - n. Is m composite?
False
Suppose -19*r = -47*r + 2767772. Is r a prime number?
True
Let t(h) = h**2 - 17*h + 60. Let c be t(-11). Let n(z) = -9*z**3 - z**2 - 5*z - 1. Let q be n(-4). Let d = q - c. Is d composite?
False
Let o = -220570 + 322199. Is o a composite number?
True
Suppose 5*o - 8*o + 92570 = -v, 4*v = -4*o - 370344. Let m = 181497 + v. Is m composite?
True
Suppose -y = -6*y - 4*l + 5344, -4*l - 2160 = -2*y. Suppose 28 - 78 = -4*z - 2*h, -2*h = -3*z + 27. Suppose -y = -z*w + 3*w. Is w composite?
True
Let i = 362988 - 229069. Is i a prime number?
True
Let z = 112466 + -53529. Is z a prime number?
True
Let k(f) = 9628*f + 795. Is k(14) a prime number?
False
Let g(d) = 155*d + 4. Suppose 0 = -v - 4, -4*v - 20 - 11 = -5*s. Suppose 4*j - 5*j = -s. Is g(j) a prime number?
False
Suppose -3*u - 4*h = -77, -4*h = -4*u + 57 + 55. Suppose u*l - 227120 = 99985. Is l a composite number?
True
Suppose 135*n = 129*n + 189066. Is n prime?
True
Suppose -4*j = -15 + 11, 0 = s - 5*j - 15. Suppose -4493 = -21*c + s*c. Is c prime?
True
Suppose -34914 = -b + 2535*j - 2539*j, 2*b - 2*j = 69758. Is b prime?
False
Let g = 47 + -44. Let i(k) = 363*k + 8. Let d be i(g). Suppose f = 2*f - d. Is f a prime number?
True
Suppose 0*z - 3759 = l - 4*z, z = 4*l + 15021. Let v = 8297 + l. Suppose -p - 5*p = -v. Is p a prime number?
True
Let g be 1/(1/2) - (31 - 458). Suppose 4*i = -3*r + 1291, 0 = -3*i + r + 523 + g. Is i a prime number?
False
Let v = -21 - -16. Let w be (3 + 46/(-1))*v. Let o = w + -118. Is o prime?
True
Is -6*3/6 - 481008/(-3) a composite number?
True
Let w(g) = 202*g**2 - 575*g - 7. Is w(22) a composite number?
True
Let s = 13137 + -2904. Suppose 4*i - s - 5707 = 0. Is i composite?
True
Let i(y) = -139*y + 3024. Is i(-50) a prime number?
False
Suppose 2*c + a = -3*c + 25, 5*c - 2*a = 25. Suppose -c*h = -2*g - 26, 7*h + 14 = 8*h + 4*g. Let m(r) = 8*r**2 + 4*r - 19. Is m(h) a composite number?
False
Suppose -23706378 = -0*a - 38*a - 8001548. Is a prime?
False
Suppose 0 = -8*v + 3*v - g + 20, -v - 5*g = 20. Suppose 3*q - 6*n + 9*n - 2523 = 0, 2*n = v*q - 4184. Is q prime?
False
Let c(o) = -o**2 + 10*o - 15. Let a(s) = s**2 + 10*s - 18. Let i be a(-12). Let w be c(i). Suppose -w*r = -13*r + 2524. Is r prime?
True
Let t(v) = -v**3 + 2*v**2 - 930*v - 25. Is t(-46) composite?
False
Suppose -8*h - 193 = 5*v - 6*h, -4 = h. Let o = v + 620. Is o prime?
False
Is 16/(-152) - 9217362/(-418) composite?
False
Suppose -4*f = z - 14, -2*z + 5 = -f + 4. Suppose q + 10165 = 2*i, 0 = 2*i - 3*q - 10591 + 416. Suppose z*p + 6*p = i. Is p prime?
False
Suppose v = 5*q - 315, 2*q = 3*q + 4*v - 84. Is q/24 - 3 - (-157206)/9 a prime number?
True
Let w = 220123 - 147140. Is w composite?
True
Let g be (172/6)/(2/(-66))*4. Let u = 7675 - g. Is u a composite number?
True
Suppose b - 1489 = -205. Let y = b + -839. Is ((-3 - 1) + 8 + y)/1 composite?
False
Suppose 41573 - 245333 = -45*i. Suppose 3*u + i = 3*r + 100, -3*r - u + 4408 = 0. Is r a prime number?
True
Let q(o) = 180*o**2 + 11*o - 19. Let l be q(2). Let p = l - -5648. Is p a composite number?
True
Suppose -30 = 5*x - 5, -x = 5*s - 3105. Suppose 6*y - 9*y = -6156. Suppose 0 = 14*m - s - y. Is m prime?
True
Suppose 325*w - 106022053 - 34967049 = 2594923. Is w a prime number?
True
Let c =